{"id":735,"date":"2017-04-03T14:07:57","date_gmt":"2017-04-03T18:07:57","guid":{"rendered":"http:\/\/www.marianopolis.edu\/horizonsimaginaires\/?page_id=735"},"modified":"2019-05-06T08:11:46","modified_gmt":"2019-05-06T12:11:46","slug":"trousse-pedagogique","status":"publish","type":"page","link":"https:\/\/www.marianopolis.edu\/horizonsimaginaires\/trousse-pedagogique\/","title":{"rendered":"Trousse p\u00e9dagogique"},"content":{"rendered":"<p>&nbsp;<\/p>\n<p>Cette section s\u2019adresse essentiellement aux professeurs et aux employ\u00e9s qui encadrent les groupes d\u2019\u00e9tudiants participant au Prix des Horizons imaginaires.<\/p>\n<p>Elle contient les documents n\u00e9cessaires pour assurer la bonne gestion du travail des apprentis jur\u00e9s, ainsi que d\u2019autres documents facultatifs, qui peuvent aider \u00e0 l\u2019organisation d\u2019activit\u00e9s suppl\u00e9mentaires que nous vous sugg\u00e9rons.<\/p>\n<h2>Guide du responsable<\/h2>\n<hr \/>\n<p>Le guide de la quatri\u00e8me \u00e9dition sera bient\u00f4t disponible.<\/p>\n<p>&nbsp;<\/p>\n<h2>Formulaires divers<\/h2>\n<hr \/>\n<p><a href=\"http:\/\/www.marianopolis.edu\/horizonsimaginaires\/wp-content\/uploads\/2019\/05\/Fiche-inscription-etablissements_4e-edition.pdf\" target=\"_blank\" rel=\"noopener noreferrer\">Fiche d&rsquo;inscription des \u00e9tablissements (4e \u00e9dition)<\/a><\/p>\n<p>Les autres formulaires de la quatri\u00e8me \u00e9dition seront bient\u00f4t disponibles.<\/p>\n","protected":false},"excerpt":{"rendered":"<p>&nbsp; Cette section s\u2019adresse essentiellement aux professeurs et aux employ\u00e9s qui encadrent les groupes d\u2019\u00e9tudiants participant au Prix des Horizons imaginaires. Elle contient les documents n\u00e9cessaires pour assurer la bonne gestion du travail des apprentis jur\u00e9s, ainsi que d\u2019autres documents facultatifs, qui peuvent aider \u00e0 l\u2019organisation d\u2019activit\u00e9s suppl\u00e9mentaires que nous vous sugg\u00e9rons. Guide du responsable [&hellip;]<\/p>\n","protected":false},"author":1,"featured_media":0,"parent":0,"menu_order":0,"comment_status":"closed","ping_status":"closed","template":"","meta":{"_acf_changed":false,"footnotes":""},"class_list":["post-735","page","type-page","status-publish","hentry"],"acf":[],"_links":{"self":[{"href":"https:\/\/www.marianopolis.edu\/horizonsimaginaires\/wp-json\/wp\/v2\/pages\/735","targetHints":{"allow":["GET"]}}],"collection":[{"href":"https:\/\/www.marianopolis.edu\/horizonsimaginaires\/wp-json\/wp\/v2\/pages"}],"about":[{"href":"https:\/\/www.marianopolis.edu\/horizonsimaginaires\/wp-json\/wp\/v2\/types\/page"}],"author":[{"embeddable":true,"href":"https:\/\/www.marianopolis.edu\/horizonsimaginaires\/wp-json\/wp\/v2\/users\/1"}],"replies":[{"embeddable":true,"href":"https:\/\/www.marianopolis.edu\/horizonsimaginaires\/wp-json\/wp\/v2\/comments?post=735"}],"version-history":[{"count":7,"href":"https:\/\/www.marianopolis.edu\/horizonsimaginaires\/wp-json\/wp\/v2\/pages\/735\/revisions"}],"predecessor-version":[{"id":2508,"href":"https:\/\/www.marianopolis.edu\/horizonsimaginaires\/wp-json\/wp\/v2\/pages\/735\/revisions\/2508"}],"wp:attachment":[{"href":"https:\/\/www.marianopolis.edu\/horizonsimaginaires\/wp-json\/wp\/v2\/media?parent=735"}],"curies":[{"name":"wp","href":"https:\/\/api.w.org\/{rel}","templated":true}]}}