{"id":2473,"date":"2019-02-18T09:12:44","date_gmt":"2019-02-18T14:12:44","guid":{"rendered":"http:\/\/www.marianopolis.edu\/horizonsimaginaires\/?page_id=2473"},"modified":"2019-02-18T09:12:44","modified_gmt":"2019-02-18T14:12:44","slug":"linguistik-des-ailleurs-qui-se-parlent","status":"publish","type":"page","link":"https:\/\/www.marianopolis.edu\/horizonsimaginaires\/dossiers-thematiques\/linguistik-des-ailleurs-qui-se-parlent\/","title":{"rendered":"Linguistik, des ailleurs qui (se) parlent"},"content":{"rendered":"<p>&nbsp;<\/p>\n<p>Voici tous les articles que l\u2019\u00e9quipe des Horizons imaginaires a fait para\u00eetre du 30 novembre au 21 d\u00e9cembre 2018 dans le cadre du dossier th\u00e9matique \u00abLinguistik, des ailleurs qui (se) parlent\u00bb!<\/p>\n<p>&nbsp;<\/p>\n<p>Ce dossier a \u00e9t\u00e9 dirig\u00e9 par Kate Sheckler et Mathieu Lauzon-Dicso.<\/p>\n<p>&nbsp;<\/p>\n<ol>\n<li><a href=\"http:\/\/www.marianopolis.edu\/horizonsimaginaires\/2018\/11\/30\/linguistik-des-ailleurs-qui-se-parlent\/\" target=\"_blank\" rel=\"noopener\">Linguistik, des ailleurs qui (se) parlent<\/a> par Kate Sheckler et Mathieu Lauzon-Dicso<\/li>\n<li><a href=\"http:\/\/www.marianopolis.edu\/horizonsimaginaires\/2018\/11\/30\/entrevue-avec-anne-marie-beaudoin-begin-alias-linsolente-linguiste\/\" target=\"_blank\" rel=\"noopener\">Entrevue avec Anne-Marie Beaudoin-B\u00e9gin, alias l&rsquo;insolente linguiste<\/a> par Yu Hong<\/li>\n<li><a href=\"http:\/\/www.marianopolis.edu\/horizonsimaginaires\/2018\/12\/01\/linguistik-ancillary\/\" target=\"_blank\" rel=\"noopener\">Ancillary Justice: revisiter nos pr\u00e9conceptions sur un genre et sur le genre<\/a> par Francesca Robitaille<\/li>\n<li><a href=\"http:\/\/www.marianopolis.edu\/horizonsimaginaires\/2018\/12\/02\/2382\/\" target=\"_blank\" rel=\"noopener\">Entrevue avec l&rsquo;auteur montr\u00e9alais Sylvain Neuvel<\/a> par Amalia Greve Danielsen<\/li>\n<li><a href=\"http:\/\/www.marianopolis.edu\/horizonsimaginaires\/2018\/12\/03\/linguistik_arrival\/\" target=\"_blank\" rel=\"noopener\">Arrival: des r\u00e9v\u00e9lations sur la langue dans la science-fiction<\/a> par Magdalena Nitchi<\/li>\n<li><a href=\"http:\/\/www.marianopolis.edu\/horizonsimaginaires\/2018\/12\/04\/contrevent_linguistik\/\" target=\"_blank\" rel=\"noopener\">Je l\u00e8verais mon chapeau si la bourrasque ne l&rsquo;avait pas d\u00e9j\u00e0 emport\u00e9<\/a> par Daphn\u00e9e Lopresti<\/li>\n<li><a href=\"http:\/\/www.marianopolis.edu\/horizonsimaginaires\/2018\/12\/05\/linguistik_cassendo\/\" target=\"_blank\" rel=\"noopener\">On jase avec D. Mathieu Cassendo!<\/a> par Awa Hanane Diagne<\/li>\n<li><a href=\"http:\/\/www.marianopolis.edu\/horizonsimaginaires\/2018\/12\/17\/linguistik_commentparleralien\/\" target=\"_blank\" rel=\"noopener\"><em>Comment parler \u00e0 un alien?<\/em> Encore faut-il qu&rsquo;il veuille nous parler!<\/a> par Alina Orza<\/li>\n<li><a href=\"http:\/\/www.marianopolis.edu\/horizonsimaginaires\/2018\/12\/18\/hitchhikers-guide-to-arieka\/\" target=\"_blank\" rel=\"noopener\">Hitchhiker&rsquo;s Guide to Arieka<\/a> par Ila Ghoshal<\/li>\n<li><a href=\"http:\/\/www.marianopolis.edu\/horizonsimaginaires\/2018\/12\/20\/matchomaroon-parlez-vous-fantasy\/\" target=\"_blank\" rel=\"noopener\">M&rsquo;atchomaroon! &#8211; Parlez-vous&#8230; fantasy?<\/a> par Adario Chirgwin-Dasgupta<\/li>\n<li><a href=\"http:\/\/www.marianopolis.edu\/horizonsimaginaires\/2018\/12\/21\/amatka-par-karin-tidbeck-du-realisme-magique-classique-dans-une-dystopie-extraordinaire\/\" target=\"_blank\" rel=\"noopener\"><em>Amatka<\/em> par Karin Tidbeck: du r\u00e9alisme magique classique dans une dystopie extraordinaire<\/a> par Ali Tahmasebi<\/li>\n<\/ol>\n","protected":false},"excerpt":{"rendered":"<p>&nbsp; Voici tous les articles que l\u2019\u00e9quipe des Horizons imaginaires a fait para\u00eetre du 30 novembre au 21 d\u00e9cembre 2018 dans le cadre du dossier th\u00e9matique \u00abLinguistik, des ailleurs qui (se) parlent\u00bb! &nbsp; Ce dossier a \u00e9t\u00e9 dirig\u00e9 par Kate Sheckler et Mathieu Lauzon-Dicso. &nbsp; Linguistik, des ailleurs qui (se) parlent par Kate Sheckler et [&hellip;]<\/p>\n","protected":false},"author":5,"featured_media":0,"parent":1857,"menu_order":4,"comment_status":"closed","ping_status":"closed","template":"","meta":{"_acf_changed":false,"footnotes":""},"class_list":["post-2473","page","type-page","status-publish","hentry"],"acf":[],"_links":{"self":[{"href":"https:\/\/www.marianopolis.edu\/horizonsimaginaires\/wp-json\/wp\/v2\/pages\/2473","targetHints":{"allow":["GET"]}}],"collection":[{"href":"https:\/\/www.marianopolis.edu\/horizonsimaginaires\/wp-json\/wp\/v2\/pages"}],"about":[{"href":"https:\/\/www.marianopolis.edu\/horizonsimaginaires\/wp-json\/wp\/v2\/types\/page"}],"author":[{"embeddable":true,"href":"https:\/\/www.marianopolis.edu\/horizonsimaginaires\/wp-json\/wp\/v2\/users\/5"}],"replies":[{"embeddable":true,"href":"https:\/\/www.marianopolis.edu\/horizonsimaginaires\/wp-json\/wp\/v2\/comments?post=2473"}],"version-history":[{"count":2,"href":"https:\/\/www.marianopolis.edu\/horizonsimaginaires\/wp-json\/wp\/v2\/pages\/2473\/revisions"}],"predecessor-version":[{"id":2475,"href":"https:\/\/www.marianopolis.edu\/horizonsimaginaires\/wp-json\/wp\/v2\/pages\/2473\/revisions\/2475"}],"up":[{"embeddable":true,"href":"https:\/\/www.marianopolis.edu\/horizonsimaginaires\/wp-json\/wp\/v2\/pages\/1857"}],"wp:attachment":[{"href":"https:\/\/www.marianopolis.edu\/horizonsimaginaires\/wp-json\/wp\/v2\/media?parent=2473"}],"curies":[{"name":"wp","href":"https:\/\/api.w.org\/{rel}","templated":true}]}}