{"id":2319,"date":"2018-09-26T11:36:38","date_gmt":"2018-09-26T15:36:38","guid":{"rendered":"http:\/\/www.marianopolis.edu\/horizonsimaginaires\/?page_id=2319"},"modified":"2019-05-06T10:36:21","modified_gmt":"2019-05-06T14:36:21","slug":"phi_objectifs_et_reglements","status":"publish","type":"page","link":"https:\/\/www.marianopolis.edu\/horizonsimaginaires\/phi_objectifs_et_reglements\/","title":{"rendered":"Objectifs et r\u00e8glements du Prix des Horizons imaginaires"},"content":{"rendered":"<p>&nbsp;<\/p>\n<p>&nbsp;<\/p>\n<p><div class='et-box et-shadow'>\n\t\t\t\t\t<div class='et-box-content'><strong>CALENDRIER G\u00c9N\u00c9RAL<\/strong><\/p>\n<ul>\n<li><strong>D\u00e9voilement des finalistes et ouverture des inscriptions des \u00e9tablissements : d\u00e9but mai<\/strong><\/li>\n<li><strong>Dur\u00e9e des activit\u00e9s dans les institutions coll\u00e9giales : de la fin ao\u00fbt \u00e0 la mi-novembre <\/strong><\/li>\n<li><strong>Date limite pour l\u2019inscription des groupes : 30 septembre <\/strong><\/li>\n<li><strong>D\u00e9voilement du laur\u00e9at : fin novembre <\/strong><\/div><\/div><\/li>\n<\/ul>\n<p>&nbsp;<\/p>\n<p><strong>1) Le Prix des Horizons imaginaires a trois objectifs\u00a0:<\/strong><\/p>\n<ul>\n<li>Stimuler le plaisir de lire chez les \u00e9tudiants des \u00e9tablissements d\u2019enseignement du r\u00e9seau coll\u00e9gial qu\u00e9b\u00e9cois gr\u00e2ce \u00e0 une exploration des litt\u00e9ratures de l\u2019imaginaire actuelles du Canada francophone;<\/li>\n<li>Encourager les \u00e9tudiants \u00e0 d\u00e9velopper une meilleure compr\u00e9hension du monde des lettres, une plus grande connaissance des genres litt\u00e9raires cibl\u00e9s, ainsi qu\u2019un jugement critique aiguis\u00e9;<\/li>\n<li>R\u00e9compenser l\u2019auteur d\u2019une \u0153uvre actuelle participant des litt\u00e9ratures de l\u2019imaginaire.<\/li>\n<\/ul>\n<p><strong>2) Admissibilit\u00e9 des auteurs<\/strong><\/p>\n<p>2.1 Les auteurs en lice doivent d\u00e9tenir la citoyennet\u00e9 canadienne ou faire la preuve qu\u2019ils ont entam\u00e9 des d\u00e9marches pour l\u2019obtenir;<\/p>\n<p>2.2 Dans le cas d\u2019une collaboration entre deux auteurs ou plus, les honneurs et la r\u00e9compense sont partag\u00e9s \u00e9galement entre eux. On pr\u00e9cise qu\u2019il s\u2019agit ici des collaborations de co\u00e9criture lorsque plus d\u2019un auteur est indiqu\u00e9 comme cr\u00e9ateur d\u2019un m\u00eame texte, et non des collectifs ou des anthologies de textes ind\u00e9pendants;<\/p>\n<p>2.3 Dans le cas d\u2019une collaboration entre des auteurs canadiens et des auteurs \u00e9trangers, seuls les auteurs canadiens sont admissibles;<\/p>\n<p>2.4 Les membres actifs du comit\u00e9 de s\u00e9lection ne sont pas admissibles s\u2019ils sont auteurs d\u2019\u0153uvres parues durant la p\u00e9riode de r\u00e9f\u00e9rence.<\/p>\n<p><strong>3) Admissibilit\u00e9 des \u0153uvres<\/strong><\/p>\n<p>3.1 Les \u0153uvres admissibles doivent participer des litt\u00e9ratures de l\u2019imaginaire, comme le fantastique, la science-fiction, la fantasy ou le r\u00e9alisme magique. En cas d\u2019ambigu\u00eft\u00e9 g\u00e9n\u00e9rique, les membres du comit\u00e9 de s\u00e9lection sont les seuls \u00e0 pouvoir d\u00e9terminer si une \u0153uvre appartient \u00e0 l\u2019une de ces litt\u00e9ratures ou non dans le cadre de ce prix;<\/p>\n<p>3.2 Les \u0153uvres admissibles doivent \u00eatre des textes narratifs longs (novella ou roman) ou des collections de textes courts et li\u00e9s (recueils de contes ou de nouvelles). Seules les \u0153uvres de fiction sont admissibles;<\/p>\n<p>3.3 Dans le cas des s\u00e9ries comportant plusieurs tomes s\u00e9quentiels, seul le premier tome est admissible;<\/p>\n<p>3.4 Les \u0153uvres doivent avoir \u00e9t\u00e9 \u00e9crites en fran\u00e7ais et en \u00eatre \u00e0 leur premi\u00e8re \u00e9dition chez un \u00e9diteur professionnel. Les textes retravaill\u00e9s sont accept\u00e9s s\u2019ils n\u2019ont jamais \u00e9t\u00e9 soumis au prix pr\u00e9c\u00e9demment et s\u2019ils repr\u00e9sentent l\u2019\u00e9dition d\u00e9finitive de l\u2019\u0153uvre;<\/p>\n<p>3.5 Les \u0153uvres doivent avoir \u00e9t\u00e9 publi\u00e9es par un \u00e9diteur professionnel dont les parutions sont disponibles dans les librairies agr\u00e9\u00e9es du Qu\u00e9bec. Aucune restriction ne s\u2019applique quant au lieu de publication;<\/p>\n<p>3.6 Les \u0153uvres doivent s\u2019adresser \u00e0 des lecteurs de 16 ans et plus. Ainsi, les \u0153uvres parues dans des collections ou chez des \u00e9diteurs de litt\u00e9rature pour la jeunesse sont exclues.<\/p>\n<p><strong>4) P\u00e9riode de r\u00e9f\u00e9rence<\/strong><\/p>\n<p>La p\u00e9riode de r\u00e9f\u00e9rence normale du Prix des Horizons imaginaires s\u2019\u00e9tend du 1<sup>er<\/sup> janvier au 31 d\u00e9cembre de l\u2019ann\u00e9e pr\u00e9c\u00e9dant celle des activit\u00e9s du prix. La date limite pour soumettre des titres parus durant la p\u00e9riode de r\u00e9f\u00e9rence est le 20 janvier qui la suit.<\/p>\n<p>Les \u0153uvres finalistes sont d\u00e9voil\u00e9es au mois de mai qui suit cette p\u00e9riode de r\u00e9f\u00e9rence. Les activit\u00e9s sont lanc\u00e9es \u00e0 la rentr\u00e9e scolaire d\u2019automne et l\u2019\u0153uvre laur\u00e9ate est d\u00e9sign\u00e9e \u00e0 la fin de la session d\u2019automne.<\/p>\n<p>Par exemple, les livres parus entre le 1<sup>er<\/sup> janvier et le 31 d\u00e9cembre 2019 peuvent \u00eatre soumis au comit\u00e9 de s\u00e9lection jusqu&rsquo;au 20 janvier 2020. Les finalistes seront annonc\u00e9s en mai 2020, les \u00e9tudiants liront les livres durant l&rsquo;automne 2020 et le laur\u00e9at sera choisi en novembre 2020.<\/p>\n<p><strong>5) S\u00e9lection des \u0153uvres<\/strong><\/p>\n<p>5.1 Durant la p\u00e9riode de r\u00e9f\u00e9rence du prix, un comit\u00e9 de s\u00e9lection choisit les \u0153uvres finalistes qui seront lues par les \u00e9tudiants participant au prix;<\/p>\n<p>5.2 Le comit\u00e9 de s\u00e9lection est form\u00e9 de quatre sp\u00e9cialistes des litt\u00e9ratures de l\u2019imaginaire (auteurs, biblioth\u00e9caires, chercheurs, critiques, enseignants, libraires, etc.) et de l\u2019\u00e9tudiant ayant remport\u00e9 notre concours de critique litt\u00e9raire l\u2019ann\u00e9e pr\u00e9c\u00e9dente;<\/p>\n<p>5.3 Une personne ne peut pas faire partie du comit\u00e9 de s\u00e9lection deux ann\u00e9es de suite;<\/p>\n<p>5.4 Un \u00e9diteur peut soumettre un titre au comit\u00e9 de s\u00e9lection en envoyant <strong>cinq<\/strong> exemplaires du livre \u00e0 l\u2019adresse suivante\u00a0:<\/p>\n<p><strong>Mathieu Lauzon-Dicso<br \/>\nCoordonnateur du Prix des Horizons imaginaires<br \/>\nColl\u00e8ge Marianopolis<br \/>\n4873, avenue Westmount<br \/>\nWestmount (Qu\u00e9bec) H3Y 1X9<\/strong><\/p>\n<p>5.5 Le comit\u00e9 de s\u00e9lection retiendra <strong>trois<\/strong> \u0153uvres comme finalistes, choisies parmi tous les titres admissibles que lui ont soumis les \u00e9diteurs.<\/p>\n<p><strong>6) D\u00e9signation du laur\u00e9at<\/strong><\/p>\n<p>Les \u00e9tudiants des institutions coll\u00e9giales participantes doivent lire les \u0153uvres finalistes durant la session d\u2019automne, dans le cadre d\u2019activit\u00e9s ind\u00e9pendantes organis\u00e9es dans leurs \u00e9tablissements et supervis\u00e9es par un employ\u00e9 (enseignant, biblioth\u00e9caire, technicien en loisirs, etc.).<\/p>\n<p>Au terme de ces activit\u00e9s, les \u00e9tudiants de chaque institution votent localement pour leurs \u0153uvres favorites. Trois \u00e9tapes cruciales d\u00e9terminent ce vote local\u00a0: d\u2019abord, chaque jury doit d\u00e9terminer l\u2019\u0153uvre favorite du groupe lors d\u2019un premier tour auquel les cinq finalistes sont admissibles, puis une seconde \u0153uvre est choisie comme choix alternatif lors d\u2019un second tour auquel seuls les quatre finalistes restants sont admissibles. Enfin, tous les \u00e9tudiants remplissent un formulaire de vote individuel\u00a0: chaque vote individuel repr\u00e9sente un point, recueilli par l\u2019\u0153uvre favorite de l\u2019\u00e9tudiant. Ces d\u00e9cisions sont appuy\u00e9es par des \u00e9changes et des d\u00e9bats litt\u00e9raires anim\u00e9s par l\u2019employ\u00e9 responsable, qui doit s\u2019assurer de ne pas influencer le vote des \u00e9tudiants.<\/p>\n<p>Ensuite, chaque jury \u00e9lit un repr\u00e9sentant, qui d\u00e9fendra les deux titres retenus par le groupe devant les repr\u00e9sentants des autres \u00e9tablissements participants. Ceux-ci se r\u00e9unissent pour les d\u00e9lib\u00e9rations finales \u00e0 la fin de la session d\u2019automne. Le roman qui sort vainqueur de ces d\u00e9lib\u00e9rations re\u00e7oit un nombre de points, dont la somme est proportionnelle au nombre d\u2019\u00e9tudiants ayant vot\u00e9 durant les d\u00e9lib\u00e9rations locales. Ces points sont ajout\u00e9s aux points allou\u00e9s par les votes individuels. L\u2019\u0153uvre laur\u00e9ate est celle qui cumule le plus de points au bout du compte.<\/p>\n<p><strong>7) Bourse<\/strong><\/p>\n<p>Le laur\u00e9at est d\u00e9voil\u00e9 lors d\u2019une c\u00e9r\u00e9monie \u00e0 laquelle tous les \u00e9tudiants, les auteurs finalistes et le public sont convi\u00e9s.<\/p>\n<p>Un troph\u00e9e lui est remis, ainsi qu\u2019une bourse collective d\u2019un montant proportionnel au nombre d\u2019\u00e9tablissements participants, \u00e0 raison de 50\u00a0$ par \u00e9tablissement, peu importe le nombre d\u2019\u00e9tudiants inscrits dans chacun des jurys locaux.<\/p>\n<p><strong>8) Modalit\u00e9s d\u2019inscription<\/strong><\/p>\n<p>8.1 Tous les \u00e9tablissements du r\u00e9seau coll\u00e9gial reconnus par le Minist\u00e8re de l\u2019\u00c9ducation et de l\u2019Enseignement sup\u00e9rieur du Qu\u00e9bec peuvent inscrire leurs \u00e9tudiants au prix, s\u2019ils s\u2019engagent \u00e0 constituer et \u00e0 soutenir un groupe de lecteurs (classe, club de lecture, etc.) chapeaut\u00e9 par un employ\u00e9 (enseignant, biblioth\u00e9caire, technicien en loisirs, etc.);<\/p>\n<p>8.2 Les frais de d\u00e9placements, d&rsquo;h\u00e9bergement et de repas sont \u00e0 la charge des \u00e9tablissements;<\/p>\n<p>8.3 L\u2019achat des livres est \u00e0 la charge des \u00e9tablissements;<\/p>\n<p>8.4 Apr\u00e8s l\u2019inscription de son \u00e9tablissement, l\u2019employ\u00e9 re\u00e7oit un document de pr\u00e9sentation du prix, qui explique\u00a0la marche \u00e0 suivre pour lancer les activit\u00e9s \u00e0 son coll\u00e8ge et pour les superviser avec aisance durant la session;<\/p>\n<p>8.5 Les \u00e9tablissements participants doivent s\u2019acquitter des frais de 200\u00a0$ aupr\u00e8s des Horizons imaginaires au moment de l\u2019inscription. Le paiement et le formulaire d\u2019inscription doivent \u00eatre re\u00e7us avant la date d\u2019\u00e9ch\u00e9ance des inscriptions.<\/p>\n<p>&nbsp;<\/p>\n","protected":false},"excerpt":{"rendered":"<p>&nbsp; &nbsp; &nbsp; 1) Le Prix des Horizons imaginaires a trois objectifs\u00a0: Stimuler le plaisir de lire chez les \u00e9tudiants des \u00e9tablissements d\u2019enseignement du r\u00e9seau coll\u00e9gial qu\u00e9b\u00e9cois gr\u00e2ce \u00e0 une exploration des litt\u00e9ratures de l\u2019imaginaire actuelles du Canada francophone; Encourager les \u00e9tudiants \u00e0 d\u00e9velopper une meilleure compr\u00e9hension du monde des lettres, une plus grande connaissance [&hellip;]<\/p>\n","protected":false},"author":5,"featured_media":0,"parent":0,"menu_order":0,"comment_status":"closed","ping_status":"closed","template":"","meta":{"_acf_changed":false,"footnotes":""},"class_list":["post-2319","page","type-page","status-publish","hentry"],"acf":[],"_links":{"self":[{"href":"https:\/\/www.marianopolis.edu\/horizonsimaginaires\/wp-json\/wp\/v2\/pages\/2319","targetHints":{"allow":["GET"]}}],"collection":[{"href":"https:\/\/www.marianopolis.edu\/horizonsimaginaires\/wp-json\/wp\/v2\/pages"}],"about":[{"href":"https:\/\/www.marianopolis.edu\/horizonsimaginaires\/wp-json\/wp\/v2\/types\/page"}],"author":[{"embeddable":true,"href":"https:\/\/www.marianopolis.edu\/horizonsimaginaires\/wp-json\/wp\/v2\/users\/5"}],"replies":[{"embeddable":true,"href":"https:\/\/www.marianopolis.edu\/horizonsimaginaires\/wp-json\/wp\/v2\/comments?post=2319"}],"version-history":[{"count":8,"href":"https:\/\/www.marianopolis.edu\/horizonsimaginaires\/wp-json\/wp\/v2\/pages\/2319\/revisions"}],"predecessor-version":[{"id":2531,"href":"https:\/\/www.marianopolis.edu\/horizonsimaginaires\/wp-json\/wp\/v2\/pages\/2319\/revisions\/2531"}],"wp:attachment":[{"href":"https:\/\/www.marianopolis.edu\/horizonsimaginaires\/wp-json\/wp\/v2\/media?parent=2319"}],"curies":[{"name":"wp","href":"https:\/\/api.w.org\/{rel}","templated":true}]}}