{"id":1866,"date":"2017-10-07T18:01:14","date_gmt":"2017-10-07T22:01:14","guid":{"rendered":"http:\/\/www.marianopolis.edu\/horizonsimaginaires\/?page_id=1866"},"modified":"2018-04-30T10:01:32","modified_gmt":"2018-04-30T14:01:32","slug":"limaginaire-a-lecole","status":"publish","type":"page","link":"https:\/\/www.marianopolis.edu\/horizonsimaginaires\/dossiers-thematiques\/limaginaire-a-lecole\/","title":{"rendered":"\u00abL&rsquo;imaginaire \u00e0 l&rsquo;\u00e9cole\u00bb"},"content":{"rendered":"<p>&nbsp;<\/p>\n<p>Voici tous les articles que l&rsquo;\u00e9quipe des Horizons imaginaires a fait para\u00eetre du 21 au 30 avril 2017 dans le cadre du dossier th\u00e9matique \u00abL&rsquo;imaginaire \u00e0 l&rsquo;\u00e9cole\u00bb!<\/p>\n<p>&nbsp;<\/p>\n<p>Ce dossier a \u00e9t\u00e9 dirig\u00e9 par Mathieu Lauzon-Dicso.<\/p>\n<p>&nbsp;<\/p>\n<ol>\n<li><a href=\"http:\/\/www.marianopolis.edu\/horizonsimaginaires\/2017\/04\/21\/lancement-dans-3-2-1-decollage-des-horizons-imaginaires\/\" target=\"_blank\" rel=\"noopener noreferrer\">Lancement dans 3, 2, 1&#8230; D\u00e9collage des Horizons imaginaires !<\/a> par Mathieu Lauzon-Dicso<\/li>\n<li><a href=\"http:\/\/www.marianopolis.edu\/horizonsimaginaires\/2017\/04\/21\/le-club-magi-em-naissance-dune-communaute-sff-etudiante\/\" target=\"_blank\" rel=\"noopener noreferrer\">Le club MAGI-EM : naissance d&rsquo;une communaut\u00e9 SFF \u00e9tudiante<\/a> par Yu Hong<\/li>\n<li><a href=\"http:\/\/www.marianopolis.edu\/horizonsimaginaires\/2017\/04\/21\/lacademie-des-chasseurs-de-primes-un-vrai-plaisir-pour-les-yeux\/\" target=\"_blank\" rel=\"noopener noreferrer\"><em>L&rsquo;Acad\u00e9mie des chasseurs de primes<\/em>, un vrai plaisir pour les yeux<\/a> par Dorsa Afshin<\/li>\n<li><a href=\"http:\/\/www.marianopolis.edu\/horizonsimaginaires\/2017\/04\/21\/retour-a-requiem-entrevues-avec-norbert-spehner-et-richard-leclerc\/\" target=\"_blank\" rel=\"noopener noreferrer\">Retour \u00e0 <em>Requiem<\/em> : entrevues avec Norbert Spehner et Richard Leclerc<\/a> par Matt Kerachian<\/li>\n<li><a href=\"http:\/\/www.marianopolis.edu\/horizonsimaginaires\/2017\/04\/22\/des-aventures-epiques-a-luniversite\/\" target=\"_blank\" rel=\"noopener noreferrer\">Des aventures \u00e9piques ! (&#8230; \u00e0 l&rsquo;universit\u00e9 ?)<\/a> par Amalia Greve Danielsen<\/li>\n<li><a href=\"http:\/\/www.marianopolis.edu\/horizonsimaginaires\/2017\/04\/22\/prof-etou-auteure-une-micro-entrevue-avec-heloise-cote\/\" target=\"_blank\" rel=\"noopener noreferrer\">Prof et\/ou auteure ? Une micro-entrevue avec H\u00e9lo\u00efse C\u00f4t\u00e9<\/a> par Tiffany Qian<\/li>\n<li><a href=\"http:\/\/www.marianopolis.edu\/horizonsimaginaires\/2017\/04\/23\/litterature-quebecoise-lectures-etudiantes-ou-lexperience-detre-dans-un-jury-litteraire-des-collegiens-partie-1\/\" target=\"_blank\" rel=\"noopener noreferrer\">Litt\u00e9rature qu\u00e9b\u00e9coise, lectures \u00e9tudiantes Ou l&rsquo;exp\u00e9rience d&rsquo;\u00eatre dans un jury litt\u00e9raire des coll\u00e9giens (partie 1)<\/a> par Alexandra Klisurova<\/li>\n<li><a href=\"http:\/\/www.marianopolis.edu\/horizonsimaginaires\/2017\/04\/23\/prof-etou-auteur-une-micro-entrevue-avec-carl-rocheleau\/\" target=\"_blank\" rel=\"noopener noreferrer\">Prof et\/ou auteur ? Une micro-entrevue avec Carl Rocheleau<\/a> par Tiffany Qian<\/li>\n<li><a href=\"http:\/\/www.marianopolis.edu\/horizonsimaginaires\/2017\/04\/24\/la-face-cachee-de-la-magie\/\" target=\"_blank\" rel=\"noopener noreferrer\">La face cach\u00e9e de la magie<\/a> par Alina Orza<\/li>\n<li><a href=\"http:\/\/www.marianopolis.edu\/horizonsimaginaires\/2017\/04\/24\/prof-etou-auteure-une-micro-entrevue-avec-jeanne-a-debats\/\" target=\"_blank\" rel=\"noopener noreferrer\">Prof et\/ou auteure ? Une micro-entrevue avec Jeanne-A. Debats<\/a> par Tiffany Qian<\/li>\n<li><a href=\"http:\/\/www.marianopolis.edu\/horizonsimaginaires\/2017\/04\/25\/survivre-a-lapocalypse-zombie-a-lecole\/\" target=\"_blank\" rel=\"noopener noreferrer\">Survivre \u00e0 l&rsquo;apocalypse zombie \u00e0 l&rsquo;\u00e9cole<\/a> par Xin Yue Liu<\/li>\n<li><a href=\"http:\/\/www.marianopolis.edu\/horizonsimaginaires\/2017\/04\/25\/prof-etou-auteur-une-micro-entrevue-avec-jonathan-brassard\/\" target=\"_blank\" rel=\"noopener noreferrer\">Prof et\/ou auteur ? Une micro-entrevue avec Jonathan Brassard<\/a> par Tiffany Qian<\/li>\n<li><a href=\"http:\/\/www.marianopolis.edu\/horizonsimaginaires\/2017\/04\/26\/le-sixieme-sommeil-une-initiation-au-monde-des-reves\/\" target=\"_blank\" rel=\"noopener noreferrer\"><em>Le Sixi\u00e8me sommeil<\/em> : une initiation au monde des r\u00eaves<\/a> par Sylvain Liu<\/li>\n<li><a href=\"http:\/\/www.marianopolis.edu\/horizonsimaginaires\/2017\/04\/26\/prof-etou-auteure-une-micro-entrevue-avec-ariane-gelinas\/\" target=\"_blank\" rel=\"noopener noreferrer\">Prof et\/ou auteure ? Une micro-entrevue avec Ariane G\u00e9linas<\/a> par Tiffany Qian<\/li>\n<li><a href=\"http:\/\/www.marianopolis.edu\/horizonsimaginaires\/2017\/04\/27\/et-si-la-magie-ne-resolvait-pas-tous-les-problemes\/\" target=\"_blank\" rel=\"noopener noreferrer\">Et si la magie ne r\u00e9solvait pas tous les probl\u00e8mes ? <\/a>par Ila Ghoshal<\/li>\n<li><a href=\"http:\/\/www.marianopolis.edu\/horizonsimaginaires\/2017\/04\/27\/prof-etou-auteure-une-micro-entrevue-avec-sylvie-berard\/\" target=\"_blank\" rel=\"noopener noreferrer\">Prof et\/ou auteure ? Une micro-entrevue avec Sylvie B\u00e9rard<\/a> par Tiffany Qian<\/li>\n<li><a href=\"http:\/\/www.marianopolis.edu\/horizonsimaginaires\/2017\/04\/28\/la-peur-au-coeur-du-cegep-de-malphas\/\" target=\"_blank\" rel=\"noopener noreferrer\">La peur au c\u0153ur du c\u00e9gep de Malphas<\/a> par Amal Deis<\/li>\n<li><a href=\"http:\/\/www.marianopolis.edu\/horizonsimaginaires\/2017\/04\/28\/prof-etou-auteur-une-micro-entrevue-avec-patrick-senecal\/\" target=\"_blank\" rel=\"noopener noreferrer\">Prof et\/ou auteur ? Une micro-entrevue avec Patrick Sen\u00e9cal<\/a> par Tiffany Qian<\/li>\n<li><a href=\"http:\/\/www.marianopolis.edu\/horizonsimaginaires\/2017\/04\/29\/reunion-des-dix-ans-a-poudlard\/\" target=\"_blank\" rel=\"noopener noreferrer\">R\u00e9union des dix ans \u00e0 Poudlard<\/a> par Francesca Robitaille<\/li>\n<li><a href=\"http:\/\/www.marianopolis.edu\/horizonsimaginaires\/2017\/04\/29\/prof-etou-auteur-une-micro-entrevue-avec-johan-heliot\/\" target=\"_blank\" rel=\"noopener noreferrer\">Prof et\/ou auteur ? Une micro-entrevue avec Johan Heliot<\/a> par Tiffany Qian<\/li>\n<li><a href=\"http:\/\/www.marianopolis.edu\/horizonsimaginaires\/2017\/04\/30\/litterature-quebecoise-lectures-etudiantes-ou-lexperience-detre-dans-un-jury-litteraire-des-collegiens-partie-2\/\" target=\"_blank\" rel=\"noopener noreferrer\">Litt\u00e9rature qu\u00e9b\u00e9coise, lectures \u00e9tudiantes Ou l&rsquo;exp\u00e9rience d&rsquo;\u00eatre dans un jury litt\u00e9raire \u00e9tudiant (partie 2)<\/a> par Alexandra Klisurova<\/li>\n<li><a href=\"http:\/\/www.marianopolis.edu\/horizonsimaginaires\/2017\/04\/30\/prof-etou-auteur-une-micro-entrevue-avec-frederick-durand\/\" target=\"_blank\" rel=\"noopener noreferrer\">Prof et\/ou auteur ? Une micro-entrevue avec Fr\u00e9d\u00e9rick Durand<\/a> par Tiffany Qian<\/li>\n<\/ol>\n","protected":false},"excerpt":{"rendered":"<p>&nbsp; Voici tous les articles que l&rsquo;\u00e9quipe des Horizons imaginaires a fait para\u00eetre du 21 au 30 avril 2017 dans le cadre du dossier th\u00e9matique \u00abL&rsquo;imaginaire \u00e0 l&rsquo;\u00e9cole\u00bb! &nbsp; Ce dossier a \u00e9t\u00e9 dirig\u00e9 par Mathieu Lauzon-Dicso. &nbsp; Lancement dans 3, 2, 1&#8230; D\u00e9collage des Horizons imaginaires ! par Mathieu Lauzon-Dicso Le club MAGI-EM : [&hellip;]<\/p>\n","protected":false},"author":5,"featured_media":0,"parent":1857,"menu_order":0,"comment_status":"closed","ping_status":"closed","template":"","meta":{"_acf_changed":false,"footnotes":""},"class_list":["post-1866","page","type-page","status-publish","hentry"],"acf":[],"_links":{"self":[{"href":"https:\/\/www.marianopolis.edu\/horizonsimaginaires\/wp-json\/wp\/v2\/pages\/1866","targetHints":{"allow":["GET"]}}],"collection":[{"href":"https:\/\/www.marianopolis.edu\/horizonsimaginaires\/wp-json\/wp\/v2\/pages"}],"about":[{"href":"https:\/\/www.marianopolis.edu\/horizonsimaginaires\/wp-json\/wp\/v2\/types\/page"}],"author":[{"embeddable":true,"href":"https:\/\/www.marianopolis.edu\/horizonsimaginaires\/wp-json\/wp\/v2\/users\/5"}],"replies":[{"embeddable":true,"href":"https:\/\/www.marianopolis.edu\/horizonsimaginaires\/wp-json\/wp\/v2\/comments?post=1866"}],"version-history":[{"count":3,"href":"https:\/\/www.marianopolis.edu\/horizonsimaginaires\/wp-json\/wp\/v2\/pages\/1866\/revisions"}],"predecessor-version":[{"id":2237,"href":"https:\/\/www.marianopolis.edu\/horizonsimaginaires\/wp-json\/wp\/v2\/pages\/1866\/revisions\/2237"}],"up":[{"embeddable":true,"href":"https:\/\/www.marianopolis.edu\/horizonsimaginaires\/wp-json\/wp\/v2\/pages\/1857"}],"wp:attachment":[{"href":"https:\/\/www.marianopolis.edu\/horizonsimaginaires\/wp-json\/wp\/v2\/media?parent=1866"}],"curies":[{"name":"wp","href":"https:\/\/api.w.org\/{rel}","templated":true}]}}